0 a multiple of 50?
True
Is 213984350 a multiple of 8?
False
Is 144939686 a multiple of 15?
False
Is 22220250 a multiple of 430?
True
Does 84 divide 396469803?
False
Is 4 a factor of 160384?
True
Is 38354880 a multiple of 192?
True
Is 291043894 a multiple of 132?
False
Is 855 a factor of 1984629996?
False
Does 1003 divide 17498338?
True
Is 870317214 a multiple of 1786?
False
Does 1590 divide 9613710?
False
Is 198783785 a multiple of 11?
False
Is 17989858 a multiple of 36?
False
Does 32 divide 46831104?
True
Is 18 a factor of 63708480?
True
Is 42548905 a multiple of 7?
True
Is 190 a factor of 387912430?
False
Does 26 divide 3227983464?
False
Is 113 a factor of 18634152?
True
Does 177 divide 89498744?
False
Is 23 a factor of 34200485?
False
Is 1569 a factor of 1422776174?
False
Does 59 divide 518391818?
True
Is 61021232 a multiple of 227?
True
Is 436 a factor of 31382899?
False
Does 1163 divide 1018520510?
True
Is 499996528 a multiple of 752?
True
Does 1621 divide 2936548?
False
Does 250 divide 12134038?
False
Is 19441805 a multiple of 1333?
True
Is 18 a factor of 6748342?
False
Is 320403517 a multiple of 374?
False
Does 39 divide 3029598605?
False
Is 5 a factor of 33630755?
True
Is 25679963 a multiple of 1159?
True
Is 132 a factor of 60386436?
True
Is 1430 a factor of 4009884?
False
Is 385 a factor of 40124294?
False
Is 678 a factor of 66797238?
True
Is 128 a factor of 3165624576?
True
Does 2356 divide 200127417?
False
Is 28834019 a multiple of 1650?
False
Does 3916 divide 2279323464?
True
Does 11 divide 58150537?
False
Is 251 a factor of 5451890?
False
Is 99 a factor of 2150361?
False
Is 42688360 a multiple of 4?
True
Is 31 a factor of 12492814?
True
Does 8156 divide 3872262950?
False
Does 297 divide 2750220?
True
Is 173580764 a multiple of 1036?
True
Is 30633588 a multiple of 36?
True
Is 26007120 a multiple of 80?
True
Is 13 a factor of 184814826?
False
Is 4500535 a multiple of 1113?
False
Does 245 divide 118790210?
True
Is 16312746 a multiple of 1251?
False
Is 58777873 a multiple of 98?
False
Is 110653935 a multiple of 357?
True
Is 642 a factor of 89413534?
False
Is 19247386 a multiple of 23?
False
Is 52 a factor of 3079140168?
True
Does 219 divide 17096235?
True
Is 75911914 a multiple of 81?
False
Is 27600359 a multiple of 28?
False
Is 149 a factor of 20800847?
True
Does 234 divide 9063010?
False
Is 36 a factor of 31088556?
True
Is 77 a factor of 947371777?
False
Is 2157861 a multiple of 17?
True
Does 65 divide 2045083950?
True
Is 487 a factor of 46648269?
True
Does 971 divide 268276454?
False
Is 5801859 even?
False
Is 897007521 a multiple of 1069?
True
Is 363 a factor of 22838871?
True
Is 1200315862 a multiple of 33?
False
Is 424 a factor of 60115992?
True
Is 16863437 a multiple of 248?
False
Is 37 a factor of 347194934?
False
Is 136 a factor of 23657163?
False
Does 438 divide 1712339189?
False
Is 395614 a multiple of 38?
False
Is 173999610 a multiple of 135?
True
Is 41 a factor of 134372621?
True
Is 56 a factor of 528762545?
False
Is 264 a factor of 113183400?
True
Is 12073908 a multiple of 10?
False
Is 313410914 a multiple of 366?
False
Does 414 divide 343277596?
False
Is 550618571 a multiple of 3?
False
Does 19 divide 727776?
True
Does 185 divide 583747150?
True
Is 416 a factor of 1401102125?
False
Is 54068409 a multiple of 13?
False
Is 2 a factor of 21449417?
False
Is 139 a factor of 144148282?
True
Does 71 divide 270852362?
True
Is 2536 a factor of 877624559?
False
Is 7 a factor of 15556833?
False
Is 53893352 a multiple of 3?
False
Does 599 divide 1197156730?
False
Is 27440955 a multiple of 99?
False
Does 4790 divide 871842284?
False
Is 30 a factor of 187589118?
False
Does 2224 divide 898496?
True
Is 282514755 a multiple of 15?
True
Is 81 a factor of 15897708?
True
Does 107 divide 14957316?
True
Is 16 a factor of 14044320?
True
Is 119861625 a multiple of 1725?
True
Does 589 divide 1965198025?
False
Is 303433108 a multiple of 6116?
True
Does 798 divide 232573908?
True
Is 204 a factor of 559644136?
False
Is 1619 a factor of 49331188?
False
Is 251 a factor of 6866607?
True
Is 3811607634 a multiple of 8131?
False
Does 86 divide 2664856200?
True
Is 58521892 a multiple of 3406?
True
Is 333763597 a multiple of 736?
False
Does 136 divide 970734000?
True
Is 5 a factor of 12829859?
False
Does 105 divide 1087995354?
False
Is 9 a factor of 1925016?
False
Does 49 divide 78677284?
False
Is 461396965 a multiple of 622?
False
Is 215 a factor of 60616192?
False
Is 389 a factor of 23536596?
False
Does 207 divide 25484184?
True
Is 4866 a factor of 1350059829?
False
Is 61 a factor of 1884569652?
False
Is 598 a factor of 43202491?
False
Is 19 a factor of 158132898?
False
Does 171 divide 23515407?
True
Is 100 a factor of 31308300?
True
Is 28 a factor of 58389968?
True
Is 4027693 a multiple of 14?
False
Does 146 divide 259960446?
True
Does 1878 divide 68761540?
False
Does 13 divide 3858624614?
True
Is 1087885088 a multiple of 8?
True
Is 74736621 a multiple of 116?
False
Is 207262448 a multiple of 286?
False
Does 2 divide 53551930?
True
Is 23542866 a multiple of 18?
True
Is 20 a factor of 222623364?
False
Does 1039 divide 169572073?
True
Is 248 a factor of 43865665?
False
Is 535437040 a multiple of 10?
True
Does 51 divide 138465663?
True
Does 2849 divide 43495683?
True
Does 162 divide 46649196?
True
Is 1482 a factor of 743099994?
True
Does 4879 divide 501995431?
True
Is 5864079 a multiple of 32?
False
Is 97 a factor of 37404293?
False
Does 1173 divide 849711390?
False
Does 354 divide 508147253?
False
Is 680 a factor of 3305844317?
False
Is 16 a factor of 94658903?
False
Is 639418375 a multiple of 90?
False
Does 98 divide 25368672?
True
Is 87 a factor of 149700492?
False
Does 20 divide 55345314?
False
Is 12012282 a multiple of 177?
True
Is 59876244 a multiple of 1293?
True
Is 63850326 a multiple of 589?
False
Is 4388 a factor of 47210492?
True
Does 4 divide 376906706?
False
Does 4072 divide 175747520?
True
Does 15 divide 305166600?
True
Does 943 divide 24272117?
False
Is 998 a factor of 199592016?
True
Is 832 a factor of 112657595?
False
Does 15 divide 21640905?
True
Is 12049 a factor of 5296799517?
False
Does 2194 divide 44932114?
False
Is 55276854 a multiple of 2?
True
Does 779 divide 12431282?
True
Is 6 a factor of 286438983?
False
Is 582 a factor of 75025620?
True
Is 307 a factor of 23621479?
False
Is 3 a factor of 2148479?
False
Does 3922 divide 1488908860?
True
Is 160 a factor of 217215840?
True
Is 16 a factor of 558539776?
True
Is 3321 a factor of 34232868?
True
Is 347 a factor of 2476789534?
True
Is 1461353468 a multiple of 1360?
False
Is 114165975 a multiple of 795?
True
Is 346 a factor of 9881760?
True
Is 6 a factor of 9465246?
True
Does 73 divide 48098897?
True
Does 9 divide 223214400?
True
Is 7718174 a multiple of 1418?
True
Is 372 a factor of 619240806?
False
Is 27013346 a multiple of 166?
True
Does 1214 divide 1257375877?
False
Does 109 divide 14800783?
True
Is 30997500 a multiple of 1250?
True
Does 42 divide 531310904?
False
Is 593 a factor of 85272807?
True
Is 28 a factor of 48467328?
True
Does 13 divide 35837282?
True
Is 183316807 a multiple of 19?
True
Does 58 divide 722583701?
False
Is 40878900 a multiple of 1714?
True
Is 7594279 a multiple of 606?
False
Is 157071356 a multiple of 72?
False
Is 52445128 a multiple of 186?
False
Does 12 divide 148164?
True
Is 986 a factor of 330366869?
False
Is 191 a factor of 484845096?
True
Is 6 a factor of 44195976?
True
Does 1591 divide 1434961084?
True
Is 558 a factor of 2430090?
True
Is 372112146 a multiple of 1209?
False
Is 59 a factor of 10883018?
False
Is 20 a factor of 124506180?
True
Does 1253 divide 23897481?
False
Is 129 a factor of 131120889?
True
Does 4746 divide 130715528?
False
Does 8130 divide 6030953254?
False
Is 9608540 a multiple of 4?
True
Does 84 divide 45429813?
False
Is 2215769275 a multiple of 1060?
False
Is 11977296 a multiple of 21?
False
Is 1489 a factor of 154352718?
True
Is 180655687 a multiple of 907?
False
Does 1703 divide 1281636928?
True
Is 386185 a multiple of 5?
True
Is 196 a factor of 3524952943?
False
Is 42975154 a multiple of 32?
False
Does 14 divide 158939161?
False
Does 18 divide 65277527?
False
Does 131 divide 72946992?
False
Does 14 divide 43993404?
True
Does 4